*j**2 + j + 7. Let h be w(-5). Let l(s) = -h*s**2 + s**2 + 16*s**2 + 3*s**2. Suppose 127*v - g - 5 = 126*v, 16 = -4*g. What is l(v)?
18
Let h(y) = 22 + 5 + 20*y + 63 + 52 + 62. What is h(-10)?
4
Let x = -634 - -656. Let m(d) = -d**2 + d - x + 10*d**3 - 20*d**3 - 4 + 11*d**3 + 4. Calculate m(0).
-22
Let w(r) = -304*r - 1814. Let p be w(-6). Let z(j) = j**3 - 11*j**2 + 9*j + 10. Give z(p).
0
Let f(a) = -6530*a**2 + 3266*a**2 - 2 + 1 + 3265*a**2 + a. Let x be (0 - (-12)/(-16))*-4. Suppose -4*z + 3*t - 15 = 0, -x*z + 3*t = -4*z + 15. What is f(z)?
-1
Let c(f) = -18*f + 3. Let x(h) = -37*h + 5. Let i(v) = 13*c(v) - 6*x(v). Let a be i(1). Let w(s) = -2*s. What is w(a)?
6
Let r(n) = 27 - 21 + 16*n**3 - 17*n**3 - 10*n**2 - 1 - 17*n. Determine r(-8).
13
Let p(x) = -54*x + 966. Suppose -12*j + 20 = -10*j - 2*t, 2*j = -5*t + 76. What is p(j)?
-6
Let b(i) = 5*i - 22. Let w(u) = 7*u - 28. Let k(f) = 4*b(f) - 3*w(f). Suppose 14 = -2*h - 8. Calculate k(h).
7
Let z(d) be the third derivative of -d**8/20160 - d**7/630 - d**6/120 + 17*d**5/60 - 27*d**2 - d. Let a(f) be the third derivative of z(f). Determine a(-5).
9
Let p(c) = 14*c + 351. Let x(i) = i + 21. Let z(k) = 2*p(k) - 30*x(k). What is z(29)?
14
Let i(s) be the third derivative of s**5/30 - 3*s**4/8 - 13*s**3/6 + 57*s**2. Let h(u) = -u**2 + 2. Let w(n) = -3*h(n) - i(n). Calculate w(-8).
-1
Let j(y) be the second derivative of -y**3/6 - 7*y**2/2 - 2*y + 56. Let b(m) = 2*m + 9. Let c(x) = 2*b(x) + 5*j(x). Calculate c(-6).
-11
Let d(r) = -r**3 + 103*r**2 + 652*r - 10. Let h be d(-6). Let a(z) = -2 + z**2 - z**3 + z + z + z. Calculate a(h).
0
Let q(w) = -15*w - 3. Let m(y) = 8*y**2 + 22*y + 18. Let z(h) = -m(h) - 2*q(h). Determine z(3).
-60
Let v(b) be the first derivative of b**4/4 - 5*b**3/3 + b**2 - b - 1048. Determine v(4).
-9
Let y(b) be the third derivative of -2*b**5/15 - 4*b**2. Suppose 7*x + 163 = 156. Determine y(x).
-8
Let k(j) = 2*j - 7. Suppose 0 = -87*v + 100*v + 6071. Let o = 472 + v. Determine k(o).
3
Let l(v) = -9*v + 41. Let d(q) = -8*q + 41. Let n(r) = -4*d(r) + 3*l(r). Determine n(8).
-1
Suppose -5*d = 3*k - 1, k + 3 = 5*d - 30. Let r(o) = o**3 + 9*o**2 - o - 5. Calculate r(k).
67
Let p(c) = -4 + c**2 - 7*c - 2*c**2 + 3*c. Let u = 2324 + -2329. Give p(u).
-9
Let d(o) = 1 + 57*o**2 - 168*o + 50*o**2 - 226*o**2 + 131*o**2. Give d(14).
1
Let d(t) be the second derivative of 4*t - 1/6*t**4 - 1/360*t**6 + 0 + 0*t**5 + 7/3*t**3 + 0*t**2. Let q(j) be the second derivative of d(j). What is q(3)?
-13
Let j be (14 + -5 - 14) + 3/(3/22). Let g(a) = -9*a + 158. Determine g(j).
5
Let u(c) = c**2 - 6*c - 4. Let z be u(7). Suppose z - 1 = g. Let q(y) = y**g - 1 - 2*y**2 - 5*y + 0 + y. What is q(-2)?
3
Let y(l) = -90*l - 130. Let v(d) = -53*d - 66. Let f(b) = -5*v(b) + 3*y(b). Determine f(-17).
25
Suppose -2*p - 243 = -11*p. Let c = -23 + p. Suppose x + c*f + f - 15 = 0, -6 = -2*x - 4*f. Let m(n) = n**3 + 5*n**2 + 3*n - 1. Determine m(x).
-16
Let o = -464 - -466. Let j(i) = 285*i + i**2 - 278*i + 0*i**o. Let d be 37/(-5) + 2/5. Give j(d).
0
Let w(a) = -a**3 + 23*a**2 + 26*a - 41. Suppose 0 = 73*r - 71*r - 11*k + 51, 4*r = 2*k + 78. Give w(r).
7
Suppose 9894 = 242*q + 119*q - 214. Let m(i) = 23*i - 649. Determine m(q).
-5
Let r(s) be the second derivative of -s**5/4 + s**4/6 - s**2/2 - s + 26. Suppose 3*f - 3*x - 11 = 2*f, -x = 5*f + 9. Calculate r(f).
6
Let u = -3095 - -3103. Let r(g) = -g**2 + 7*g + 5. What is r(u)?
-3
Let s(c) be the second derivative of 2/3*c**3 - 1/20*c**5 - 3*c**2 - 1/3*c**4 - 29*c + 0. Calculate s(-5).
-1
Let b(k) = k**2 + k + 7. Suppose -5*g + 118 = 543. Let a = -419 - -504. Let c = g + a. What is b(c)?
7
Let n(l) = 0*l**2 + 13*l**2 + 16660 + 10*l**2 - l - l**2 - 16634 - l**3. Calculate n(22).
4
Let q(y) = -2*y**3 + 2*y**2 + 4*y + 6. Suppose -85*c + 3*t = -81*c - 13, 3*c - 5*t - 29 = 0. Calculate q(c).
22
Let l(h) = 40*h + 5. Let d(f) = 10*f + 1. Let i(p) = -p**3 + 5*p**2 - 3*p - 4. Let z be i(2). Let a(n) = z*l(n) - 9*d(n). Calculate a(1).
-9
Suppose -43*u - 18 = 68. Let y(v) = -9*v**3 - 3*v**2 - 4*v - 5. Determine y(u).
63
Let t(a) = -10*a - 3. Let q be t(3). Let h be -29 - q - (-1 + 2)*2. Let c(b) = 5*b - 5*b - 5*b - 3 - 5*b - b**h. Give c(-4).
21
Let c(l) = l - 1. Let k be c(3). Suppose -7*h = -18*h + 495. Suppose k*u - 7*u = h. Let w(d) = d**2 + 10*d + 7. Determine w(u).
-2
Let v(r) = -r**2 + 2*r + 4. Suppose 10*t + 788 = -292. Let w = t - -105. Give v(w).
-11
Let g be -5 + 2 - (-3 - (4 + -2)). Let c(s) = -s + g + 3 + 8 - s**3 - 1. Calculate c(0).
12
Let a = 31618 + -31622. Let c(s) = -2*s - 4. Let v(q) = -q + 4. Let d be v(5). Let t(f) = -f + 1. Let m(h) = d*c(h) + t(h). What is m(a)?
1
Let n(r) = -3*r**2 + r + 1. Suppose z + 4*d - 195 = -0*z, 0 = z + d - 198. Let m = 201 - z. Determine n(m).
-9
Let r(x) = -x**2 - 8*x + 5. Let a be (10/(-6))/(3*(-2)/72). Suppose -56 = 4*p - a. Give r(p).
-4
Let p(x) = x + 1. Let t(a) = a**2 - 4*a + 9. Let y = -10 + 5. Let n(f) = y*p(f) + t(f). Suppose -16*j + 45*j - 203 = 0. What is n(j)?
-10
Let p(z) = -277*z - 3879. Let q be p(-14). Let r(y) = 2 - 2 - 2*y. Give r(q).
2
Let d(a) = 21*a**3 + 29*a**2 + 30*a - 40. Let v(n) = -13*n**3 - 19*n**2 - 20*n + 26. Let g(w) = 5*d(w) + 8*v(w). Let x be 2/(-5)*(-23 + 3). What is g(x)?
-8
Let n(l) = 5*l - 3. Let w be (0/1)/(-8 - (-99)/9). Suppose -s - v + 6 = w, -s + 5*v = 3 + 9. Calculate n(s).
12
Suppose 5*h - 2*h + 118 = t, 2*h = -3*t + 332. Let f = t - 123. Let x(w) = -w**2 - 13*w - 5. Determine x(f).
17
Let s(m) = -501*m**2 + 3005*m - 3. Let x be s(6). Let t(u) = -u**3 - 6*u**2 + 18*u + 43. Calculate t(x).
124
Let o = -2 + -41. Let c = 45 + o. Let z be -25*4/(-22 + c). Let v(n) = n**2 - 5*n + 2. Determine v(z).
2
Let m(t) = t**2 + 49*t + 63. Let n be (-1152)/(-54)*243/(-108). Give m(n).
15
Let y(w) = 281*w**3 + 7*w**2 - 9*w + 36. Let a(c) = -140*c**3 - c**2 - 1. Let z(j) = 2*a(j) + y(j). Calculate z(-7).
-1
Let f(k) be the first derivative of -k**3/6 - k**2/2 - 2*k + 6. Let t(x) be the first derivative of f(x). Let z be 2 + 0 + -2 + 12/3. Give t(z).
-5
Let x(m) = -m - 11. Let d = 74 - 68. Let b be 14/d - (-6)/9. Suppose -5*u = -v + 29, u - 6 = -2*v - b. What is x(u)?
-6
Let h be (231/(-44))/(6/(-16)). Suppose -h*p + 34 = -5*v - 13*p, 0 = v - 5*p + 2. Let r(l) = -l - 3. What is r(v)?
4
Let r(h) = 3*h + 2. Let p(l) = -7*l - 3. Let t(j) = 2*p(j) + 5*r(j). Let x = -39731 + 39731. Give t(x).
4
Let m(q) be the third derivative of q**5/20 + 37*q**4/12 - 11*q**3/3 - q**2 + 59*q. Let g be m(-25). Let x(h) = -h + 4. What is x(g)?
1
Let n(z) be the third derivative of 3/8*z**4 + 0 + 1/120*z**6 + 0*z - 1/6*z**3 - 2/15*z**5 + 73*z**2. What is n(7)?
13
Let d(w) be the third derivative of 1/12*w**4 + 0*w - 12*w**2 + 1/40*w**5 + 0 - 5/2*w**3. Let f(r) be the first derivative of d(r). What is f(-2)?
-4
Let w(p) = -29*p - 145. Let s be w(-5). Let q(l) be the first derivative of 1/2*l**2 + 1 + s*l + 8/3*l**3. What is q(1)?
9
Let g(q) = -q**2 - 5*q + 4. Let z(s) = -3*s**2 - 11*s + 9. Suppose -a + 1 + 3 = 0. Let t(o) = a*z(o) - 10*g(o). Suppose -90*p + 50 = -80*p. Give t(p).
-24
Suppose 7*z - 1801 + 23 = 0. Let m = z - 261. Let x(v) = 2*v. Give x(m).
-14
Suppose 0 = 5*w + 5*g - 35, -5*w - 4*g - 11 = -43. Let b(p) = p**3 - p**2 - 5*p. Calculate b(w).
28
Let u(k) = 12*k - 1. Let j = 806 + -380. Let p be j/(-42) - 1/(-7). Let d be -1*(-3)/((-15)/p). Calculate u(d).
23
Let s(i) be the third derivative of -1/24*i**4 + 0*i + 82*i**2 + 0 - 1/6*i**3. Determine s(-7).
6
Let u(n) = n**3 - 7*n**2 + 7*n - 1. Let f(v) = 4*v - 26. Let h(b) = 4*b - 41. Let s be h(14). Let l be (-20)/6*(2 + (-66)/s). Let t be f(l). Determine u(t).
5
Let y(v) = 4020*v - 2 + 3 - 4023*v - 7 + 4. Let u be (2/(-4))/((7 - 2)/(-30)). What is y(u)?
-11
Let b(y) = 6*y**3 - 4 - 3*y**2 - 4*y - 4*y**2 - 1 + 5*y**2 + 3. Calculate b(-1).
-6
Let u(v) = v + 1. Let f be u(3). Let h(t) = 3 + 7*t**2 + 326*t - 1 - 160*t - 165*t - t**3. Let g(j) = j**2 + j - 1. Let b(c) = 3*g(c) - h(c). What is b(f)?
3
Let y(z) = -147*z - 8. Let v(l) = 1955*l + 105. Let c(x) = 3*v(x) + 40*y(x). Calculate c(1).
-20
Let x(a) = -a + 3. Let v = 13 + 26. Let o = 1020 + -1057. Let j = o + v. Determine x(j).
1
Suppose -5*u + 20 = -4*d, 25 = 2*d - 7*d. Let l(g) = 2*g**3 + 4*g + 14. Determine